61?
7
What is the millions digit of 1077049?
1
What is the units digit of 1481174?
4
What is the tens digit of 80997?
9
What is the hundreds digit of 405294?
2
What is the thousands digit of 12910474?
0
What is the ten thousands digit of 2020504?
2
What is the hundred thousands digit of 687749?
6
What is the tens digit of 4223679?
7
What is the tens digit of 1311069?
6
What is the tens digit of 10140121?
2
What is the thousands digit of 495987?
5
What is the hundreds digit of 1330793?
7
What is the tens digit of 228240?
4
What is the hundreds digit of 6546547?
5
What is the thousands digit of 298783?
8
What is the units digit of 1475069?
9
What is the hundreds digit of 390151?
1
What is the units digit of 242713?
3
What is the units digit of 1009043?
3
What is the tens digit of 2213581?
8
What is the hundreds digit of 1615547?
5
What is the thousands digit of 78037?
8
What is the thousands digit of 39982?
9
What is the thousands digit of 62072?
2
What is the ten thousands digit of 190259?
9
What is the millions digit of 4320359?
4
What is the tens digit of 875233?
3
What is the ten thousands digit of 378911?
7
What is the millions digit of 14346604?
4
What is the tens digit of 161057?
5
What is the ten thousands digit of 1391282?
9
What is the hundred thousands digit of 16715068?
7
What is the thousands digit of 1057593?
7
What is the hundred thousands digit of 255095?
2
What is the hundreds digit of 784361?
3
What is the hundreds digit of 49767?
7
What is the units digit of 3184717?
7
What is the hundred thousands digit of 265999?
2
What is the ten thousands digit of 341498?
4
What is the thousands digit of 27968412?
8
What is the millions digit of 3811318?
3
What is the ten thousands digit of 47100?
4
What is the thousands digit of 7293476?
3
What is the hundred thousands digit of 288751?
2
What is the hundred thousands digit of 1309574?
3
What is the thousands digit of 660522?
0
What is the units digit of 797854?
4
What is the units digit of 5544549?
9
What is the millions digit of 1698977?
1
What is the ten thousands digit of 1643330?
4
What is the hundreds digit of 10321393?
3
What is the ten thousands digit of 793475?
9
What is the ten millions digit of 20360610?
2
What is the units digit of 2717309?
9
What is the hundreds digit of 185145?
1
What is the millions digit of 3241660?
3
What is the hundred thousands digit of 404047?
4
What is the hundreds digit of 854254?
2
What is the ten thousands digit of 1622182?
2
What is the thousands digit of 862050?
2
What is the tens digit of 4378668?
6
What is the tens digit of 5598011?
1
What is the hundred thousands digit of 640676?
6
What is the millions digit of 3589982?
3
What is the tens digit of 1636912?
1
What is the millions digit of 1741206?
1
What is the units digit of 2782288?
8
What is the units digit of 860218?
8
What is the thousands digit of 11550671?
0
What is the millions digit of 8711606?
8
What is the millions digit of 2105274?
2
What is the thousands digit of 416553?
6
What is the units digit of 29183349?
9
What is the tens digit of 9233560?
6
What is the hundreds digit of 135762?
7
What is the ten thousands digit of 991577?
9
What is the tens digit of 107909?
0
What is the tens digit of 171028?
2
What is the millions digit of 2480347?
2
What is the units digit of 678354?
4
What is the tens digit of 250947?
4
What is the tens digit of 76993?
9
What is the ten thousands digit of 1235233?
3
What is the tens digit of 58000?
0
What is the millions digit of 1123255?
1
What is the ten thousands digit of 383871?
8
What is the tens digit of 16857808?
0
What is the hundred thousands digit of 2799977?
7
What is the thousands digit of 1149?
1
What is the thousands digit of 21250?
1
What is the units digit of 393579?
9
What is the hundreds digit of 96054?
0
What is the units digit of 178466?
6
What is the ten thousands digit of 107189?
0
What is the hundred thousands digit of 2576347?
5
What is the millions digit of 3496363?
3
What is the thousands digit of 685328?
5
What is the ten millions digit of 10297998?
1
What is the hundred thousands digit of 4237203?
2
What is the tens digit of 98976?
7
What is the units digit of 2887449?
9
What is the thousands digit of 513278?
3
What is the thousands digit of 327084?
7
What is the thousands digit of 884842?
4
What is the ten thousands digit of 1688245?
8
What is the millions digit of 14547510?
4
What is the hundred thousands digit of 20908400?
9
What is the thousands digit of 214159?
4
What is the tens digit of 334826?
2
What is the thousands digit of 3882201?
2
What is the units digit of 1524045?
5
What is the units digit of 219121?
1
What is the hundreds digit of 233458?
4
What is the thousands digit of 4661323?
1
What is the ten thousands digit of 17315303?
1
What is the hundreds digit of 6824558?
5
What is the ten thousands digit of 1986407?
8
What is the units digit of 3371659?
9
What is the millions digit of 10648149?
0
What is the thousands digit of 121984?
1
What is the ten thousands digit of 11403925?
0
What is the tens digit of 1734086?
8
What is the tens digit of 9365023?
2
What is the tens digit of 3148357?
5
What is the ten thousands digit of 154714?
5
What is the tens digit of 8645490?
9
What is the units digit of 629171?
1
What is the ten millions digit of 16504523?
1
What is the ten thousands digit of 935098?
3
What is the hundreds digit of 126026?
0
What is the thousands digit of 2801755?
1
What is the tens digit of 628838?
3
What is the ten thousands digit of 10348784?
4
What is the units digit of 5288805?
5
What is the tens digit of 856500?
0
What is the hundreds digit of 94788?
7
What is the thousands digit of 560181?
0
What is the tens digit of 284869?
6
What is the thousands digit of 10997315?
7
What is the hundreds digit of 282801?
8
What is the hundreds digit of 1466113?
1
What is the thousands digit of 21350227?
0
What is the units digit of 1470039?
9
What is the thousands digit of 384679?
4
What is the millions digit of 1419921?
1
What is the ten thousands digit of 113829?
1
What is the millions digit of 2729214?
2
What is the ten thousands digit of 37794?
3
What is the hundred thousands digit of 123602?
1
What is the units digit of 141387?
7
What is the ten thousands digit of 14296390?
9
What is the hundreds digit of 1488243?
2
What is the hundreds digit of 2520602?
6
What is the tens digit of 6591356?
5
What is the millions digit of 9367420?
9
What is the thousands digit of 849798?
9
What is the hundred thousands digit of 722867?
7
What is the tens digit of 67206?
0
What is the millions digit of 2714989?
2
What is the ten thousands digit of 107714?
0
What is the tens digit of 122725?
2
What is the tens digit of 7266243?
4
What is the tens digit of 3177304?
0
What is the tens digit of 32045664?
6
What is the units digit of 111617?
7
What is the hundred thousands digit of 853558?
8
What is the hundred thousands digit of 1308382?
3
What is the tens digit of 163229?
2
What is the hundred thousands digit of 829870?
8
What is the thousands digit of 335829?
5
What is the hundreds digit of 8635006?
0
What is the ten thousands digit of 462831?
6
What is the hundred thousands digit of 357355?
3
What is the units digit of 47374?
4
What is the thousands digit of 4243501?
3
What is the hundred thousands digit of 848339?
8
What is the ten thousands digit of 114109?
1
What is the units digit of 1670998?
8
What is the tens digit of 6095082?
8
What is the hundreds digit of 446736?
7
What is the hundreds digit of 11221481?
4
What is the hundreds digit of 928151?
1
What is the ten thousands digit of 3359611?
5
What is the thousands digit of 8347327?
7
What is the hundreds digit of 23144?
1
What is the units digit of 1190429?
9
What is the ten thousands digit of 6818290?
1
What is the thousands digit of 86794?
6
What is the units digit of 7861003?
3
What is the hundred thousands digit of 8374883?
3
What is the units digit of 3069083?
3
What is the hundreds digit of 9456356?
3
What is the thousands digit of 2367097?
7
What is the hundreds digit of 63835?
8
What is the ten thousands digit of 6175845?
7
What is the hundred thousands digit of 119291?
1
What is the millions digit of 4819526?
4
What is the millions digit of 11822212?
1
Wha